{"id":1669,"date":"2025-10-09T23:31:29","date_gmt":"2025-10-09T23:31:29","guid":{"rendered":"https:\/\/adcore.com.co\/recuperacioncartera\/?page_id=1669"},"modified":"2026-03-20T14:46:11","modified_gmt":"2026-03-20T14:46:11","slug":"carteras-administradas","status":"publish","type":"page","link":"https:\/\/adcore.com.co\/recuperacioncartera\/carteras-administradas\/","title":{"rendered":"Carteras Administradas"},"content":{"rendered":"\t\t<div data-elementor-type=\"wp-page\" data-elementor-id=\"1669\" class=\"elementor elementor-1669\">\n\t\t\t\t<div class=\"elementor-element elementor-element-3e6c35a e-flex e-con-boxed e-con e-parent\" data-id=\"3e6c35a\" data-element_type=\"container\" data-e-type=\"container\">\n\t\t\t\t\t<div class=\"e-con-inner\">\n\t\t\t\t<div class=\"elementor-element elementor-element-5e140c1 elementor-widget elementor-widget-heading\" data-id=\"5e140c1\" data-element_type=\"widget\" data-e-type=\"widget\" data-widget_type=\"heading.default\">\n\t\t\t\t\t<h2 class=\"elementor-heading-title elementor-size-default\">Carteras Administradas<\/h2>\t\t\t\t<\/div>\n\t\t\t\t\t<\/div>\n\t\t\t\t<\/div>\n\t\t<div class=\"elementor-element elementor-element-3433a01 e-flex e-con-boxed e-con e-parent\" data-id=\"3433a01\" data-element_type=\"container\" data-e-type=\"container\">\n\t\t\t\t\t<div class=\"e-con-inner\">\n\t\t<div class=\"elementor-element elementor-element-46d0925 e-con-full e-flex e-con e-child\" data-id=\"46d0925\" data-element_type=\"container\" data-e-type=\"container\" data-settings=\"{&quot;background_background&quot;:&quot;classic&quot;}\">\n\t\t\t\t<div class=\"elementor-element elementor-element-03f136d elementor-widget elementor-widget-text-editor\" data-id=\"03f136d\" data-element_type=\"widget\" data-e-type=\"widget\" data-widget_type=\"text-editor.default\">\n\t\t\t\t\t\t\t\t\t<p>Mediante contrato celebrado con diferentes entidades financieras, ADCORE SAS ha adquirido desde su fundaci\u00f3n, portafolios de cr\u00e9ditos en mora, de Libranza, Tarjeta de Cr\u00e9dito, Pr\u00e9stamos Personales, entre otros, trasladando su titularidad, en consecuencia, el derecho para el cobro de estas obligaciones y de reportar mensualmente el estado del cr\u00e9dito a las centrales de informaci\u00f3n.<\/p><p>Dentro de los originadores de estos cr\u00e9ditos adquiridos, se mencionan las siguientes entidades:<\/p>\t\t\t\t\t\t\t\t<\/div>\n\t\t\t\t<\/div>\n\t\t\t\t<div class=\"elementor-element elementor-element-94dc6f0 elementor-widget elementor-widget-image\" data-id=\"94dc6f0\" data-element_type=\"widget\" data-e-type=\"widget\" data-widget_type=\"image.default\">\n\t\t\t\t\t\t\t\t\t\t\t\t\t\t\t<img fetchpriority=\"high\" decoding=\"async\" width=\"740\" height=\"140\" src=\"https:\/\/adcore.com.co\/recuperacioncartera\/wp-content\/uploads\/2025\/10\/carteras-administradas-adcore-entidades-1024x194.jpg\" class=\"attachment-large size-large wp-image-1671\" alt=\"Carteras Administradas Adcore\" srcset=\"https:\/\/adcore.com.co\/recuperacioncartera\/wp-content\/uploads\/2025\/10\/carteras-administradas-adcore-entidades-1024x194.jpg 1024w, https:\/\/adcore.com.co\/recuperacioncartera\/wp-content\/uploads\/2025\/10\/carteras-administradas-adcore-entidades-300x57.jpg 300w, https:\/\/adcore.com.co\/recuperacioncartera\/wp-content\/uploads\/2025\/10\/carteras-administradas-adcore-entidades-768x146.jpg 768w, https:\/\/adcore.com.co\/recuperacioncartera\/wp-content\/uploads\/2025\/10\/carteras-administradas-adcore-entidades.jpg 1132w\" sizes=\"(max-width: 740px) 100vw, 740px\" \/>\t\t\t\t\t\t\t\t\t\t\t\t\t\t\t<\/div>\n\t\t\t\t<div class=\"elementor-element elementor-element-0aaf047 elementor-widget elementor-widget-text-editor\" data-id=\"0aaf047\" data-element_type=\"widget\" data-e-type=\"widget\" data-widget_type=\"text-editor.default\">\n\t\t\t\t\t\t\t\t\t<p>Estas obligaciones son gestionadas directamente por ADCORE SAS o trav\u00e9s de sus aliados estrat\u00e9gicos, ofreci\u00e9ndole al cliente oportunidades y facilidades de pago, acorde con la situaci\u00f3n particular que vive, y que le permita mejorar las credenciales crediticias.<\/p>\t\t\t\t\t\t\t\t<\/div>\n\t\t<div class=\"elementor-element elementor-element-f98204c e-con-full e-flex e-con e-child\" data-id=\"f98204c\" data-element_type=\"container\" data-e-type=\"container\" data-settings=\"{&quot;background_background&quot;:&quot;classic&quot;}\">\n\t\t<div class=\"elementor-element elementor-element-2b9ce0d e-con-full e-flex e-con e-child\" data-id=\"2b9ce0d\" data-element_type=\"container\" data-e-type=\"container\">\n\t\t\t\t<div class=\"elementor-element elementor-element-14f8f09 elementor-widget elementor-widget-digtek-heading-title-widget\" data-id=\"14f8f09\" data-element_type=\"widget\" data-e-type=\"widget\" data-widget_type=\"digtek-heading-title-widget.default\">\n\t\t\t\t<div class=\"elementor-widget-container\">\n\t\t\t\t\t\r\n\t\r\n\r\n\t<div class=\"section-title\">\r\n\t\t\t\t\t\t<h2 class=\"wow fadeInUp\" data-wow-delay=\".3s\">\r\n\t\t\tA UN S\u00d3LO PASO\t\t<\/h2>\r\n\t\t\t<\/div>\r\n\r\n\t\r\n\r\n             \r\n\t\t\t\t\t\t<\/div>\n\t\t\t\t<\/div>\n\t\t\t\t<\/div>\n\t\t<div class=\"elementor-element elementor-element-d783286 e-con-full e-flex e-con e-child\" data-id=\"d783286\" data-element_type=\"container\" data-e-type=\"container\">\n\t\t<div class=\"elementor-element elementor-element-f8195ef e-grid e-con-full e-con e-child\" data-id=\"f8195ef\" data-element_type=\"container\" data-e-type=\"container\">\n\t\t\t\t<div class=\"elementor-element elementor-element-db28352 elementor-widget elementor-widget-image\" data-id=\"db28352\" data-element_type=\"widget\" data-e-type=\"widget\" data-widget_type=\"image.default\">\n\t\t\t\t\t\t\t\t\t\t\t\t\t\t\t<img decoding=\"async\" width=\"234\" height=\"300\" src=\"https:\/\/adcore.com.co\/recuperacioncartera\/wp-content\/uploads\/2025\/10\/boton-asesor-whatsapp-2-234x300.png\" class=\"attachment-medium size-medium wp-image-1566\" alt=\"\" srcset=\"https:\/\/adcore.com.co\/recuperacioncartera\/wp-content\/uploads\/2025\/10\/boton-asesor-whatsapp-2-234x300.png 234w, https:\/\/adcore.com.co\/recuperacioncartera\/wp-content\/uploads\/2025\/10\/boton-asesor-whatsapp-2.png 267w\" sizes=\"(max-width: 234px) 100vw, 234px\" \/>\t\t\t\t\t\t\t\t\t\t\t\t\t\t\t<\/div>\n\t\t\t\t<div class=\"elementor-element elementor-element-5a66a77 elementor-widget__width-auto elementor-widget elementor-widget-image\" data-id=\"5a66a77\" data-element_type=\"widget\" data-e-type=\"widget\" data-widget_type=\"image.default\">\n\t\t\t\t\t\t\t\t\t\t\t\t\t\t\t<img decoding=\"async\" width=\"234\" height=\"300\" src=\"https:\/\/adcore.com.co\/recuperacioncartera\/wp-content\/uploads\/2025\/10\/boton-asesor-facilap-3-234x300.png\" class=\"attachment-medium size-medium wp-image-1565\" alt=\"Facil Acuerdo de Pago FACILAP\" srcset=\"https:\/\/adcore.com.co\/recuperacioncartera\/wp-content\/uploads\/2025\/10\/boton-asesor-facilap-3-234x300.png 234w, https:\/\/adcore.com.co\/recuperacioncartera\/wp-content\/uploads\/2025\/10\/boton-asesor-facilap-3.png 267w\" sizes=\"(max-width: 234px) 100vw, 234px\" \/>\t\t\t\t\t\t\t\t\t\t\t\t\t\t\t<\/div>\n\t\t\t\t<div class=\"elementor-element elementor-element-f33c0eb elementor-widget elementor-widget-image\" data-id=\"f33c0eb\" data-element_type=\"widget\" data-e-type=\"widget\" data-widget_type=\"image.default\">\n\t\t\t\t\t\t\t\t\t\t\t\t\t\t\t<img loading=\"lazy\" decoding=\"async\" width=\"234\" height=\"300\" src=\"https:\/\/adcore.com.co\/recuperacioncartera\/wp-content\/uploads\/2025\/10\/boton-asesor-chat-4-234x300.png\" class=\"attachment-medium size-medium wp-image-1564\" alt=\"Escribenos por chat\" srcset=\"https:\/\/adcore.com.co\/recuperacioncartera\/wp-content\/uploads\/2025\/10\/boton-asesor-chat-4-234x300.png 234w, https:\/\/adcore.com.co\/recuperacioncartera\/wp-content\/uploads\/2025\/10\/boton-asesor-chat-4.png 267w\" sizes=\"(max-width: 234px) 100vw, 234px\" \/>\t\t\t\t\t\t\t\t\t\t\t\t\t\t\t<\/div>\n\t\t\t\t<\/div>\n\t\t<div class=\"elementor-element elementor-element-d658f1d e-con-full e-flex e-con e-child\" data-id=\"d658f1d\" data-element_type=\"container\" data-e-type=\"container\">\n\t\t\t\t<div class=\"elementor-element elementor-element-4400318 elementor-widget elementor-widget-image\" data-id=\"4400318\" data-element_type=\"widget\" data-e-type=\"widget\" data-widget_type=\"image.default\">\n\t\t\t\t\t\t\t\t\t\t\t\t\t\t\t<img loading=\"lazy\" decoding=\"async\" width=\"740\" height=\"89\" src=\"https:\/\/adcore.com.co\/recuperacioncartera\/wp-content\/uploads\/2025\/10\/adcore-carteras-administradas-franja-frase.png\" class=\"attachment-large size-large wp-image-1676\" alt=\"\" srcset=\"https:\/\/adcore.com.co\/recuperacioncartera\/wp-content\/uploads\/2025\/10\/adcore-carteras-administradas-franja-frase.png 924w, https:\/\/adcore.com.co\/recuperacioncartera\/wp-content\/uploads\/2025\/10\/adcore-carteras-administradas-franja-frase-300x36.png 300w, https:\/\/adcore.com.co\/recuperacioncartera\/wp-content\/uploads\/2025\/10\/adcore-carteras-administradas-franja-frase-768x92.png 768w\" sizes=\"(max-width: 740px) 100vw, 740px\" \/>\t\t\t\t\t\t\t\t\t\t\t\t\t\t\t<\/div>\n\t\t\t\t<\/div>\n\t\t\t\t<\/div>\n\t\t\t\t<\/div>\n\t\t\t\t\t<\/div>\n\t\t\t\t<\/div>\n\t\t\t\t<\/div>\n\t\t","protected":false},"excerpt":{"rendered":"<p>Carteras Administradas Mediante contrato celebrado con diferentes entidades financieras, ADCORE SAS ha adquirido desde su fundaci\u00f3n, portafolios de cr\u00e9ditos en mora, de Libranza, Tarjeta de Cr\u00e9dito, Pr\u00e9stamos Personales, entre otros, trasladando su titularidad, en consecuencia, el derecho para el cobro de estas obligaciones y de reportar mensualmente el estado del cr\u00e9dito a las centrales de<\/p>\n","protected":false},"author":1,"featured_media":0,"parent":0,"menu_order":0,"comment_status":"closed","ping_status":"closed","template":"elementor_header_footer","meta":{"inline_featured_image":false,"footnotes":""},"class_list":["post-1669","page","type-page","status-publish","hentry"],"aioseo_notices":[],"_hostinger_reach_plugin_has_subscription_block":false,"_hostinger_reach_plugin_is_elementor":false,"_links":{"self":[{"href":"https:\/\/adcore.com.co\/recuperacioncartera\/wp-json\/wp\/v2\/pages\/1669","targetHints":{"allow":["GET"]}}],"collection":[{"href":"https:\/\/adcore.com.co\/recuperacioncartera\/wp-json\/wp\/v2\/pages"}],"about":[{"href":"https:\/\/adcore.com.co\/recuperacioncartera\/wp-json\/wp\/v2\/types\/page"}],"author":[{"embeddable":true,"href":"https:\/\/adcore.com.co\/recuperacioncartera\/wp-json\/wp\/v2\/users\/1"}],"replies":[{"embeddable":true,"href":"https:\/\/adcore.com.co\/recuperacioncartera\/wp-json\/wp\/v2\/comments?post=1669"}],"version-history":[{"count":29,"href":"https:\/\/adcore.com.co\/recuperacioncartera\/wp-json\/wp\/v2\/pages\/1669\/revisions"}],"predecessor-version":[{"id":2349,"href":"https:\/\/adcore.com.co\/recuperacioncartera\/wp-json\/wp\/v2\/pages\/1669\/revisions\/2349"}],"wp:attachment":[{"href":"https:\/\/adcore.com.co\/recuperacioncartera\/wp-json\/wp\/v2\/media?parent=1669"}],"curies":[{"name":"wp","href":"https:\/\/api.w.org\/{rel}","templated":true}]}}